Suppose b*g + 2*a = -3*g + 2, 0 = 5*a + 25. Let w(k) = -k**3 + 3*k**2 + k + 4. What is w(g)?
-8
Let h(a) = 0*a - a**3 + 1 + 2 - a - 4*a**2. Suppose 13 - 3 = -2*b. Let i be (2/(-2))/(b/(-15)). Determine h(i).
-3
Suppose 10 = h + 4*m - 9*m, h - m = 6. Let v(t) be the first derivative of -t**4/4 + 4*t**3/3 + 7*t**2/2 - 7*t - 2. Give v(h).
3
Let t(v) = 7*v - 6 + v**2 + 21 - 7. Determine t(-7).
8
Let h(s) = -s - 4*s**2 + 5*s**2 + s + 3 - 9*s. Determine h(7).
-11
Suppose -3*f = -22 + 16. Let j(v) be the second derivative of 0 + 4*v + 0*v**f + 1/6*v**3. What is j(-6)?
-6
Let w(v) be the third derivative of v**5/60 - v**4/6 - 7*v**3/6 + 8*v**2. Suppose b - 2*z = 2*b - 5, 3*b + z = 15. Calculate w(b).
-2
Let k(y) = -3*y + y**2 - 6 + 0*y**2 - 5*y - y. Calculate k(9).
-6
Let t be (-10)/(-72) - (-4)/36. Let i(k) be the second derivative of -3/2*k**2 - 2*k + 0 - 1/2*k**3 - t*k**4 - 1/20*k**5. Determine i(-2).
-1
Let c(o) = o**2 + o - 6. Let g(l) = -9*l - 72. Let n be g(-8). What is c(n)?
-6
Let d be 72/(-39) - 2/13. Let f(w) = -2*w + 3*w**2 + 5*w + 3 - 1. What is f(d)?
8
Let o(l) be the second derivative of l + 0*l**2 - 1/3*l**3 + 0 - 1/20*l**5 - 1/3*l**4. Calculate o(-2).
-4
Let y(h) be the first derivative of h**4/4 + h**3 - 3*h**2 - 3*h + 8. What is y(-4)?
5
Let o(m) = -m - 8. Let x be o(-5). Let p(r) be the first derivative of 1 + 2*r + 1/2*r**2 + 1/3*r**3. Determine p(x).
8
Suppose 3*j = -j + 8. Suppose 0 = 5*f - 0*f - 15. Let q(l) = -l - f + 0*l + 3*l. Determine q(j).
1
Let u(a) = a**2 - 6*a - 2. Let b be 5 + -3 - 1 - -5. Calculate u(b).
-2
Let r(c) = 5 - 3*c**2 + 4*c**2 + 4*c - 2. Let z be r(-2). Let k(g) = 2*g. Calculate k(z).
-2
Suppose -3*g + 0 + 9 = 0. Suppose -j + g = -2. Let c(x) be the first derivative of -x**2 + 5*x + 1. What is c(j)?
-5
Let l(t) be the first derivative of t**2/2 + 1. Let r be l(2). Let c(u) = 3 + u - r*u - 2 - 3. Determine c(5).
-7
Let w(z) = -z**3 - 5*z**2 - 5*z - 1. Let a(j) = 7*j + 10. Let r be a(-2). What is w(r)?
3
Let q(y) = -2*y**3 + 2*y - 1. Let n(g) = 8 + 7 - 3 + 6 + g. Let i be n(-17). Determine q(i).
-1
Let m(c) = c**3 - 2*c**2 + c - 8. Let k(x) = -x**3 + 2*x**2 + 7. Let d(g) = -5*k(g) - 4*m(g). What is d(-2)?
-11
Let u = -4 - 0. Let p = u + 6. Let d(o) = 4*o - 2. Calculate d(p).
6
Let x(f) = 2*f + 9. Let i(c) = c + 5. Let z(o) = -7*i(o) + 4*x(o). Let q(d) = -7*d - 6. Let l(b) = -q(b) - 6*z(b). Give l(-3).
-3
Let h(w) = 7*w + 10*w**2 - 20*w**2 + 9*w**2 - 7. Let s be h(7). Let b(z) = z**2 + 8*z + 4. Give b(s).
-3
Let u(s) = -5*s. Suppose 0 = 7*k - 5*k + 2. Calculate u(k).
5
Suppose -5*u = -4*u - 3. Let h(f) = -2*f**3 + 6*f**2 + f - 7. Let y(i) = -i**3 + 3*i**2 + i - 4. Let j = -10 - -6. Let m(z) = j*h(z) + 7*y(z). Determine m(u).
9
Let n(r) = 11*r - 11*r - 1 + r**2 + r. Suppose f + 0*f - 1 = 0. Determine n(f).
1
Let j(u) be the third derivative of 4*u**2 + 1/12*u**5 + 1/120*u**6 - 7/24*u**4 - 5/6*u**3 + 0*u + 0. Determine j(-6).
1
Let z(l) = l**2 - 3*l + 2. Let d(f) = 2*f**2 - 6*f + 5. Let h = 2 + 0. Let g(v) = h*d(v) - 5*z(v). What is g(2)?
2
Suppose 9*p - 3*p + 42 = 0. Let l(g) = g**2 + 6*g + 4. Calculate l(p).
11
Suppose -17 = 5*q - 4*z, q = -2*z - 2*z + 11. Let m = q + 3. Suppose -7 + 3 = -m*a. Let n(j) = 2*j**3 - 4*j**2 + 2*j. Give n(a).
4
Let t = 70 + -66. Let u(f) be the third derivative of 1/24*f**t + 3*f**2 + 0*f + 0 - 1/6*f**3. Calculate u(-1).
-2
Let y(p) = -p**3 + 3*p**2 + 4*p - 4. Suppose 12 = 4*n - 0. What is y(n)?
8
Suppose 0*u - 2*u + 2 = 0. Let q be 2 + u/1*-1. Let s(o) = -8*o + 1. Give s(q).
-7
Let c(d) = d**2 - 6*d + 3. Suppose y + 0*y - 19 = 4*k, -5*y + k = -19. Give c(y).
-6
Let u = -1 + 7. Let o(x) = 3*x**2 + 7*x - 1. Let d(p) = -5*p**2 - 10*p + 1. Let s(i) = -5*d(i) - 8*o(i). Give s(u).
3
Let l(w) = w**2 + 8*w + 14. Let o be l(-6). Let n(i) = 0*i**2 - 1 + 0*i**o + 2*i**3 - 2*i - 3*i**3. What is n(2)?
-13
Let k be (17/34)/((-2)/24). Let y(w) = w**2 + 6*w + 4. Determine y(k).
4
Suppose 0 = -0*p + 4*p - 24. Let r(f) = 2*f - 4. Calculate r(p).
8
Let z(l) = -l - l**3 + 0*l + 0 - 2 + 5*l**2 + l**2. Give z(6).
-8
Suppose 5*m = 2*o + 10, -m - 2*m + o = -7. Suppose 4*h + 3*w - m = 7, 3*h + 2*w = 8. Let i(b) = 0*b - 7*b**2 + 8*b**2 + 3 - h*b. Calculate i(2).
3
Let u(s) = -s - 1. Let m(w) = -w. Suppose 0 = -4*q - 4, 5*q + 5 = 3*n - 3. Let o(l) = n*m(l) - 2*u(l). Give o(-6).
-4
Let h(t) = 4 - t**2 + 8*t**2 + 3*t - 13*t**2 + 4*t**2. What is h(-3)?
-23
Suppose k - 3*a - 3 = 0, -14 = -k - k - 2*a. Let j = -3 + k. Suppose r = 2*r - j. Let p(y) = y**3 - 2*y**2 - 2*y + 3. Determine p(r).
6
Let j(t) = -t**3 + 2*t**2 + 4*t + 5. Let w(m) = -2*m - 2*m - 4 - 2*m**2 + m**2 + m. Let s(v) = -3*j(v) - 4*w(v). Give s(-1).
-4
Let v(b) = -b + 1. Let g(r) be the second derivative of -1/20*r**5 - 1/6*r**3 + 0 + 0*r**2 - r + 1/12*r**4. Let f be g(1). What is v(f)?
2
Let i be (0 - (1 + -1)) + 2. Let c(p) = p + 4*p - i - 4*p. Determine c(5).
3
Let a(q) = -5 - 12 + 8*q - q**2 + 8. Calculate a(6).
3
Let z(b) be the second derivative of -b**5/60 - b**4/6 + b**3/2 - b. Let s(i) be the second derivative of z(i). Calculate s(-5).
6
Let z = 0 - 2. Let t(h) = -4*h + 1. Suppose b = -2 + 5. Let n(r) = -5*r + 2. Let s(q) = b*t(q) + z*n(q). What is s(3)?
-7
Let y(q) be the second derivative of q**3/6 + 4*q**2 + q. Let b be y(-7). Let g(k) = 4*k + 1. Calculate g(b).
5
Let f(z) = -4*z**2 + z. Let b(c) = 9*c**2 - 3*c + 1. Let u(l) = -3*b(l) - 7*f(l). Give u(-3).
0
Let n(b) = -b**2 + 4*b - 5. Let a(q) = q**2 - 3*q + 4. Let w(v) = 4*a(v) + 5*n(v). Give w(6).
3
Let a(y) = 1 - 6 + 6*y**2 + 3*y**2 - 10*y - y**3 + 2*y**2. Let h be a(10). Let n(t) = -t**3 - 4*t**2 + 7*t + 1. Give n(h).
-9
Let s be 3 - 4 - 1 - -5. Suppose p - 6*p + 3*m = 36, -p + s*m = 12. Let w(v) = -11*v**2 - v + 1. Let t(q) = -5*q**2. Let x(c) = -13*t(c) + 6*w(c). Give x(p).
6
Let q be (-106 + -1)/(1/(-1)). Let x = q - 53. Let s be (-2)/9 + 174/x. Let u(n) = n**2 - 5*n + 4. Determine u(s).
-2
Let s(k) = k + 4. Suppose 4*i + 10 = -i. Let l = i - -7. Suppose 1 = w + l. Calculate s(w).
0
Suppose 3*b + 3 = -3. Let w be (-2)/(-2*(-2)/8). Let t(a) = a**3 - 4*a**2 + 5*a. Let g(c) = -2*c**3 + 5*c**2 - 6*c. Let l(r) = w*t(r) - 3*g(r). Give l(b).
-8
Let r(a) = a. Let j be 34/10 - 4/10. Let b be r(j). Let n(i) = 2*i + 0*i + b + 4 + i. What is n(-5)?
-8
Let a(i) = -2*i**2 - i + 1. Let g = 9 + -11. Give a(g).
-5
Let u(g) = -9*g - 3. Let t(y) = 5*y + 2. Let s(h) = 7*t(h) + 4*u(h). What is s(2)?
0
Suppose 4*q = 4*o - 4, 2 = -2*o - 3*q + 7*q. Let k(n) be the second derivative of -1/12*n**4 + 2*n + 0 - 5/6*n**o + 1/2*n**2. What is k(-3)?
7
Let l = 7 - 7. Suppose l = 2*g - 4*d - 14, -7*g = -2*g - 3*d - 21. Let s(t) = t**3 - 3*t**2 - 2*t - 2. Give s(g).
-8
Suppose 0 = 3*d - 27 + 12. Let y(x) = -x**3 + 5*x**2 + 2*x - 5. Calculate y(d).
5
Let x(f) = -3*f + 4. Suppose -9 = -8*u + 11*u. What is x(u)?
13
Let l = 2 + 3. Let d(k) = k + l + 1 + 2. Give d(-4).
4
Let i(p) = p**3 - 7*p**2 + 5*p + 3. Let d be i(6). Let t(s) = s**3 + 3*s**2 - 3*s + 3. Calculate t(d).
12
Let u(l) = 3*l + 2*l - 3*l + 2*l. Give u(-1).
-4
Let y(l) = -l + 8. Let b(g) = 2*g**3 - 7*g**2 + 5*g - 6. Let h be b(3). Give y(h).
8
Let s(i) = 3*i**2 - 2*i - 2. Let x(m) = 2*m**2 - 2*m - 2. Let o(f) = 3*s(f) - 4*x(f). What is o(-4)?
10
Let z(f) = f**2 + f - 1. Let q(t) be the third derivative of -3*t**2 + 0*t + 0 + 1/6*t**4 - 4/3*t**3 + 1/10*t**5. Let x(d) = q(d) - 5*z(d). Calculate x(0).
-3
Let z(w) = -1. Let t(l) = -9*l**2 + l + 4. Let u(j) = -t(j) - 5*z(j). Calculate u(1).
9
Suppose -3*o + 4*o - 2 = 0. Let x(b) be the first derivative of b - 4/3*b**3 + 1 + b**o + 1/4*b**4. What is x(3)?
-2
Let s(w) = w + 2. Let q be s(0). Let o(r) = 7*r + 2. Let p(i) = 3*i + 1. Let g(a) = q*o(a) - 5*p(a). What is g(-4)?
3
Let r(v) = 12 + v - 12 - 4*v**3. Suppose -5*o = 4*b - 9, o = -2*o + 5*b - 2. Calculate r(o).
-3
Let o be (6/(-8))/((-33)/(-88)). Let q(w) = -w**2 - 1. Let m(u) = 7*u**2 + u + 8. Let z(n) = m(n) + 6*q(n). What is z(o)?
4
Let n(a) be the first derivative of 7/2*a**2 + 1/3*a**3 - 5 + 4*a. What is n(-4)?
-8
Let c(w) = 8*w + 11*w - 20*w. What is c(-1)?
1
Let z be (3/(-6))/((-2)/24). Suppose h - z*h = -15. Let u(a) = -5*a**3 - 2*a + 3*a + 3*a**2 + 4*a**3 + 3. Determine u(h).
6
Let y(m) = m**3 + 6*m**2 + 6*m + 6. Suppose 0 = -2*j + 2. Let f